{"id":9914,"date":"2024-02-16T21:20:07","date_gmt":"2024-02-16T21:20:07","guid":{"rendered":"https:\/\/mediterraneo-orlean.fr\/?post_type=product&#038;p=9914"},"modified":"2024-05-04T11:40:37","modified_gmt":"2024-05-04T11:40:37","slug":"metaxa","status":"publish","type":"product","link":"https:\/\/greeklegacywines.gr\/index.php\/fr\/product\/metaxa\/","title":{"rendered":"Metaxa 5 \u00c9TOILES"},"content":{"rendered":"<p>Assembl\u00e9 \u00e0 partir des muscats les plus nobles de l&#8217;\u00eele de Samos, \u00e9lev\u00e9 en f\u00fbts de ch\u00eane au moins 5 ans pour lui donner une couleur ambr\u00e9e lumineuse, un corps rond et un go\u00fbt onctueux avec des notes florales (fleurs d&#8217;oranger, p\u00e9tales de rose et abricot), vanill\u00e9es et des notes de raisins secs blancs. Brandy d&#8217;exception \u00e0 l&#8217;ar\u00f4me unique et inimitable.<\/p>\n","protected":false},"excerpt":{"rendered":"<p>Assembl\u00e9 \u00e0 partir des muscats les plus nobles de l&#8217;\u00eele de Samos, \u00e9lev\u00e9 en f\u00fbts de ch\u00eane au moins 5<\/p>\n","protected":false},"featured_media":9915,"comment_status":"open","ping_status":"closed","template":"","meta":[],"product_cat":[236],"product_tag":[],"_links":{"self":[{"href":"https:\/\/greeklegacywines.gr\/index.php\/wp-json\/wp\/v2\/product\/9914"}],"collection":[{"href":"https:\/\/greeklegacywines.gr\/index.php\/wp-json\/wp\/v2\/product"}],"about":[{"href":"https:\/\/greeklegacywines.gr\/index.php\/wp-json\/wp\/v2\/types\/product"}],"replies":[{"embeddable":true,"href":"https:\/\/greeklegacywines.gr\/index.php\/wp-json\/wp\/v2\/comments?post=9914"}],"version-history":[{"count":3,"href":"https:\/\/greeklegacywines.gr\/index.php\/wp-json\/wp\/v2\/product\/9914\/revisions"}],"predecessor-version":[{"id":10030,"href":"https:\/\/greeklegacywines.gr\/index.php\/wp-json\/wp\/v2\/product\/9914\/revisions\/10030"}],"wp:featuredmedia":[{"embeddable":true,"href":"https:\/\/greeklegacywines.gr\/index.php\/wp-json\/wp\/v2\/media\/9915"}],"wp:attachment":[{"href":"https:\/\/greeklegacywines.gr\/index.php\/wp-json\/wp\/v2\/media?parent=9914"}],"wp:term":[{"taxonomy":"product_cat","embeddable":true,"href":"https:\/\/greeklegacywines.gr\/index.php\/wp-json\/wp\/v2\/product_cat?post=9914"},{"taxonomy":"product_tag","embeddable":true,"href":"https:\/\/greeklegacywines.gr\/index.php\/wp-json\/wp\/v2\/product_tag?post=9914"}],"curies":[{"name":"wp","href":"https:\/\/api.w.org\/{rel}","templated":true}]}}